*y**3 - 202*y**2 - 73*y - 31. What is the tens digit of b(-15)?
1
Let b be (57/38)/(2 + (-10)/4). Let k be -10 + 5 + 1 + b. What is the units digit of (2378/k)/(-2) - (-5)/35?
0
Let j = 93720 + -28563. What is the units digit of j?
7
Let f be (1/(-2))/(4/5560). Let w = f + 1031. What is the units digit of w?
6
Suppose -2*c = 2*y - 10466, -3*c + 4*y + 15699 = 2*y. Suppose 2418 = 3*t + 3*r - 1503, 4*t - r = c. What is the units digit of t?
8
Suppose 0 = -2*i + 100*d - 103*d + 104122, 4*d - 16 = 0. What is the ten thousands digit of i?
5
Let d(i) = -849*i**3 - 2*i - 1. Suppose -53*c + 1 = -54*c. Let o be d(c). Suppose o = 14*h - 2776. What is the tens digit of h?
5
Let l be (1 - 1 - -1)*3 - -2. Suppose -2*p - p + 2*x = -1395, 4*x + 2325 = l*p. What is the hundreds digit of p?
4
Let r = -25 - -27. Suppose 0 = 3*n + 3*x + 147, r*x - 110 = 2*n - 24. Let b = n + 177. What is the hundreds digit of b?
1
Let w(h) = 26*h + 215. Let c be w(-8). Suppose 5*o - 5*p = 2945, -c*p + 4*p + 1168 = 2*o. What is the units digit of o?
7
Let v = -524 - -802. Let l = 605 - v. What is the units digit of l?
7
Let j = 6060 + -807. What is the tens digit of j?
5
Suppose 0 = -4*u - u + 9255. Let l(m) = 75*m + 607. Let b be l(-8). Suppose 0 = -b*z + u - 199. What is the hundreds digit of z?
2
Suppose 5*o = -l + 4639, -3*o + 0*l = 2*l - 2782. Suppose 5*c - 7*c + o = 0. Suppose -y + 5*z = -139, 5*y + 3*z - c = y. What is the tens digit of y?
1
Let h(g) = 8*g**3 - 910*g**2 - 108*g + 319. What is the ten thousands digit of h(114)?
1
Let z be (4 - (-4 - -9))/((-3)/216). Suppose 77*m - z*m = 1945. What is the tens digit of m?
8
Suppose -7*x = -2*x - 10. What is the tens digit of (-22)/(28/15 - x)?
6
What is the tens digit of -6 - 104/2*(-115 - -35)?
5
Suppose 4*d - 6 = -2*n, 32 = 4*n + 2*d - 4*d. Suppose -33 = -n*x - 5. Suppose -2*i + x*i - 63 = -b, 3*i = 9. What is the units digit of b?
7
Let g(k) = 30*k**2 - 34*k - 263. Let u be g(-11). Suppose -11*m + u = -7985. What is the hundreds digit of m?
0
Let h be (-4)/1*(-3 + 2 + 0). Suppose h*q = -2*d - 4, -4 = 2*d - 4*d + 4*q. Suppose 2*o - 3*o + 3*x + 42 = d, 7 = o + 4*x. What is the tens digit of o?
2
Suppose 3*z - 28 - 29 = -h, 0 = 3*z - h - 63. Suppose 2*a = 3*m - 5*m + 164, -4*a + z = 0. What is the tens digit of m?
7
Suppose -3912 - 2726 = -y. What is the units digit of y?
8
What is the thousands digit of 23190/(-9)*(204/(-8))/17?
3
Let l(g) = 4*g + 140. Let t be l(-33). Let r(c) = 2*c**3 - 9*c**2 - 11*c - 7. What is the tens digit of r(t)?
5
Let i = 571 + -365. Let v = i - -449. What is the tens digit of v?
5
Let a(l) = 4*l**3 - 11*l**2 + 3*l + 22. Let o be a(7). Suppose -o = -2*c - 5*d, 0*d + 2124 = 5*c - 4*d. What is the tens digit of c?
2
Suppose 0 = 17*q + 97*q + 59*q - 950289. What is the thousands digit of q?
5
Let k be 3/42*-4 + 83216/49. Let h = k + -210. What is the units digit of h?
8
Let v be (1 + 2)/((-1)/5). Suppose -2*j + l + 375 = 0, -3*j + 5*l = -2*j - 201. What is the hundreds digit of (-2 - j/v)/((-4)/(-100))?
2
Let w = -338 - -627. Suppose w = 12*b - 3335. What is the hundreds digit of b?
3
Suppose -39*r + 4*y = -46*r + 649127, 0 = -2*r - 5*y + 185461. What is the units digit of r?
3
Let h = 9 + 0. Suppose h*u = 12*u - 6. Suppose -u*q + 28 = -210. What is the tens digit of q?
1
Let w be 2 + (-30)/9 + (-2)/(-6). Let i be (2 - -2)*(w + 14/4). What is the units digit of (48/30)/(2/i)?
8
Let j(p) = 2*p + 135. Let i be 14/(-98) - (-3)/21. What is the tens digit of j(i)?
3
Let d be ((-6)/4)/((5 + -11)/12). Suppose d*p - n = -139, -p - 3*n - 37 = -n. What is the tens digit of (p/30)/(57/58 - 1)?
8
Suppose -2*w + 1 = -3, -3*z + 2*w + 665 = 0. Suppose -v = -z - 324. Suppose -4*s - 3*d + v = 0, -2 - 4 = 2*d. What is the units digit of s?
9
What is the units digit of ((-198)/27 + 8)*597?
8
Let x = 3363 + 31806. What is the tens digit of x?
6
Suppose -14*l + 72007 = -30529. What is the units digit of l?
4
Let z = 16 + -12. Suppose z*p = 999 + 109. Suppose p = 5*c + 97. What is the tens digit of c?
3
Suppose r = -4*f + 19, 0 = f + r + r - 3. Suppose -3586 = -3*u - f*q + 188, -5*q + 6290 = 5*u. What is the hundreds digit of u?
2
Let b = 58 + -58. Let s be 86 + -36 - (3 - b). Suppose -2*u - 2*o + s = -49, 5*o = 5*u - 220. What is the tens digit of u?
4
Let s = 23514 - 9492. What is the thousands digit of s?
4
Let m(g) = -6 + 8*g + 597*g**2 + 6*g - 596*g**2 - 5. Let j be m(8). Let q = j + -135. What is the units digit of q?
0
Let w = 9854 + 18418. Suppose 29*a + 9*a = w. What is the hundreds digit of a?
7
Let u be 0 - 2/(-3) - 7/(-3). Let x be ((-20)/u)/((-5)/(-3) + -2). Let m(z) = 3*z - 11. What is the units digit of m(x)?
9
Suppose 171*a - 1986728 - 9206797 = -344*a. What is the tens digit of a?
3
Let y(v) = -11*v + 2 + 2 + 0. Suppose -15*m + 6*m + 48 = -25*m. What is the tens digit of y(m)?
3
Suppose -w - 3*o + 107 = -0*o, -4*o - 20 = 0. Let z = w + -33. What is the tens digit of z?
8
Suppose 0 = -4*b + 19458 + 10654. What is the tens digit of b?
2
Suppose -1972*y = -1925*y - 1148351. What is the hundreds digit of y?
4
Let s = -262 - -348. Suppose 0 = -n + 907 - s. What is the units digit of n?
1
Suppose 30*z - 295579 = -23179. What is the tens digit of z?
8
Let u(s) = -134*s + 10137. What is the hundreds digit of u(0)?
1
Suppose -25*p + 5328 = -17*p. Suppose -85*w + p = -79*w. What is the tens digit of w?
1
Let c = 58 + -52. Let y(v) = c + 2 + 28 - 13*v. What is the hundreds digit of y(-8)?
1
Suppose 2*k = -g - 5673 + 56042, 0 = -5*k - 4*g + 125930. What is the units digit of k?
2
Let l be 33/99 - (-55)/(-3). What is the units digit of (-570 + -1)*18/l?
1
Let b be 9 + 467 + (2 - -3). Suppose 229 = 10*l - b. What is the units digit of l?
1
Let o(q) = -404*q - 374. What is the units digit of o(-1)?
0
Let x = 93 + -84. Suppose -f = 5*r - r + x, -2*f = 2*r + 6. Let y(k) = 30*k**2 + k + 3. What is the units digit of y(r)?
1
Let r be (9758/(-35))/(5/(-25)). What is the hundreds digit of -1 - 8/4*r/(-4)?
6
Let a be 1 - (-1)/(1/47). Let u be (15/(-5) + 3)*-1 + 4. Let w = a + u. What is the tens digit of w?
5
Suppose -31*k - k = -14*k - 83772. What is the units digit of k?
4
Suppose o = 6*o + 155. Let y = o - -23. Let n = y - -90. What is the tens digit of n?
8
Let v(i) be the first derivative of 0*i**2 + 12 + 0 + 2*i**2 + 12*i + 0*i**2. What is the tens digit of v(11)?
5
Let t be (-1211)/(0 - -1) - (211 - 215). Let c = t - -2193. What is the hundreds digit of c?
9
Suppose -102*g = 245*g - 6752273. What is the thousands digit of g?
9
Let j = 58 - 28. Suppose j = 4*h + 2*h. What is the tens digit of h/((-15)/(-266))*3/2?
3
Suppose -3*m - 4*d - 3 = d, 3*m + 2*d - 6 = 0. Suppose -69*j + 27 + 111 = 0. What is the tens digit of (3 - (j + m))*102/(-9)?
3
Let v be -2 - 115/(-8) - (-15)/(-40). What is the tens digit of ((-790)/(-8))/(3/v)?
9
Let f = 3066 + 46668. What is the thousands digit of f?
9
Suppose -22*f = -23*f - 1, 5*n = -3*f + 109297. What is the units digit of n?
0
Suppose 34*c - 57*c + 3346 + 72807 = 0. What is the thousands digit of c?
3
Let h = -23037 - -39732. What is the units digit of h?
5
Suppose 2*a + 24 - 8 = 0. Let z be (-20)/a*12/10. Suppose -3*m - 5*v = -190, v - 302 = -8*m + z*m. What is the tens digit of m?
6
Suppose j + 4*n - 8591 = -1754, -4*n = -j + 6837. What is the thousands digit of j?
6
Let b = 5274 - -7392. What is the ten thousands digit of b?
1
Let i be (2/4 + 2/4)/(-1). Let s be (i/(-4))/(10/40). What is the units digit of s*2*356/8?
9
Suppose 4*j - 5*j = 0. Let w(p) = 4*p + 640. Let q be w(j). Suppose 3*y = 5*c + 388, 8*c + q = 5*y + 3*c. What is the units digit of y?
6
Suppose s + d + 156 = -4*d, -5*d = -2*s - 312. What is the hundreds digit of (16/(-36)*s)/((-6)/(-18))?
2
Let x(v) be the first derivative of -v**3/3 - 15*v**2/2 - 17*v + 23. Let t be x(-12). Let d(y) = 4*y + 14. What is the tens digit of d(t)?
9
Suppose -2*k = 5*s - 3228 - 9157, -k - 2*s + 6193 = 0. Suppose -14*o + k = -1897. What is the tens digit of o?
7
Let s(t) = -t**3 - 2*t**2 + 1762. Let h(i) = -6*i - 54. Let a be h(-9). What is the hundreds digit of s(a)?
7
Let y(b) = 4*b**2 + b + 15. Suppose u = 3, 2*d + 0*u = -3*u - 1. Let c be y(d). What is the tens digit of (2 - 3)/((-222)/c + 2)?
5
Let p(x) = -x**3 + 3*x**2 - x - 3